e v(h).
0
Let n(t) = -t - 3*t**2 + 2*t**2 - 3*t**2 + 3*t**2. Give n(-4).
-12
Suppose -2*x - 3*b + 12 = -12, -4*x + 5*b = -4. Let w be (1 - 0)/(x/24). Let h(s) = 3*s**2 + 2*s**3 + 4 + 3*s + s**3 - 2 - 4*s**3. Determine h(w).
-2
Let p(q) be the first derivative of q**2 - 4*q - 47. Determine p(-5).
-14
Let l(z) = -z**3 - 2*z**2 - z. Suppose h + 3*q + 7 = 0, -5*h + 0*q + 3*q = -37. Suppose h = -4*f + 1. Determine l(f).
0
Let y(v) = 4*v - 6*v - v**2 + 0*v. What is y(-3)?
-3
Let z(w) = -w**3 + w. Let c be (1/2)/((-3)/(-18)). Suppose c*s + 3 = -3*m, -4*s + m + 11 = -0*s. Let o be s/(-2)*(-1 + 0). Calculate z(o).
0
Suppose 2*k + 5*y = 17, 0 = 2*k - 5*y - 37 - 10. Suppose 10*u - 6*u = -k. Let s(f) = -f**3 - 4*f**2 - 3*f - 6. What is s(u)?
6
Let s(p) = p - 10. Let f(w) = -w**3 - w**2 + 2*w. Let m be f(-2). What is s(m)?
-10
Let a = -18 + 15. Let q = 3 + 1. Let c(z) = q + 0*z - 2*z + z. Calculate c(a).
7
Let p(n) = -2*n - 2. Let z(x) = -x - 7. Let y be z(-6). Let s be (y + -4)*2/(-5). Suppose 1 = s*i + 5. What is p(i)?
2
Let b(h) be the first derivative of h**6/120 - h**5/15 - h**4/24 - h**3/6 + 3*h**2/2 - 1. Let r(z) be the second derivative of b(z). Give r(4).
-5
Let x(v) = -v**2 + 4*v - 3. Let m be x(1). Let t(a) = -a - 11. Calculate t(m).
-11
Let l(o) = 7*o**3 + 3*o**2 + 7*o + 9. Let v(h) = 3*h**3 + 2*h**2 + 3*h + 4. Let y(p) = -2*l(p) + 5*v(p). Let i = -39 + -29. Let b be 1/4 + i/16. Determine y(b).
-2
Let n(t) = -t + 2. Let l(k) = k**3 + 6*k**2 + 7*k + 3. Let p be l(-5). Let o be p + (-2)/(0 - 1). Determine n(o).
7
Let v be (-8 + -1)*16/24. Let z(y) = -5 - 5*y**2 - y**3 + 4*y + 1 - 3. Determine z(v).
5
Let t be 13 - (0 - 2/1). Let r be ((-12)/t)/(4/(-10)). Let m(y) = 4 + 2 - 4*y - 4 + 2*y. Determine m(r).
-2
Let q(u) = u**3 + 5*u**2 + 2. Suppose -3*k = -7*k - 20. Let i(x) = x + 10. Let w be i(k). Suppose 5*o + w = 4*o. Determine q(o).
2
Let u(q) be the third derivative of 0 + 5/24*q**4 + 3*q**2 + 1/3*q**3 + 0*q. Give u(2).
12
Let r(x) = -x + 5. Let m be r(6). Let h(p) = 12*p**3 + 2*p**2 - 1. Determine h(m).
-11
Let g(q) = -q + 2. Let i(p) = 2*p - 2. Let r(l) = -4*g(l) - 3*i(l). Determine r(0).
-2
Let t(a) = -2*a + 31. Let o be t(13). Let g(c) = -c**2 + 4*c + 1. Determine g(o).
-4
Let r(g) be the first derivative of g**3/3 - g**2 + g - 1. Let v be (-119)/(-14) + (-2)/(-4). Suppose -v*m + 4*m + 28 = 4*t, 0 = 5*t - m - 6. Determine r(t).
1
Let h(a) = 4*a + 3. Let u(y) = 7*y + 6. Let x(f) = 5*h(f) - 3*u(f). Let g be x(3). Let d(w) be the first derivative of w**2/2 + w - 1. What is d(g)?
-5
Let b(t) = t**3 + t. Let c(y) = -4*y**3 - 8*y**2 - 13*y - 7. Let f(s) = 5*b(s) + c(s). Give f(9).
2
Let o(b) = -4*b**2 - 10*b + 4. Let x(h) = -h**2 - h. Let d(c) = o(c) - 5*x(c). Let n = -87 - -90. Calculate d(n).
-2
Let o(h) = -h + 11. Let s be o(8). Suppose -4*m + 5 = -s. Let r(f) = -1 - 2 + 4 + f**m. Calculate r(0).
1
Suppose -2*u + 5*m = -1, -2*m + 4 = 2*m. Let a be (-3)/(6/(-2) - -2). Let p(h) = 5*h**2 - 2*h**3 + 3 + 3*h + 2*h + a*h**u. Determine p(-4).
-1
Let i(c) = c**2 + c - 3. Suppose -31 = -5*z - 2*p, 3*z + 6*p - 11 = p. Let o(t) = -t**2 + 8*t - 5. Let y be o(z). Let h be 2/(-8)*y*0. Give i(h).
-3
Let m be -1 + (-1 - (0 - -1)). Let k(x) = -2*x**3 - 11*x**2 - 7*x - 2. Let n(p) = -p**3 - 5*p**2 - 3*p - 1. Let g(z) = 2*k(z) - 5*n(z). Determine g(m).
-2
Let i(q) = q**3 + q**2 + 2*q + 2. Let p(n) = 3*n**3 - 8 + 3*n + 7*n**2 - 2*n**3 + 0*n + 2*n. Let c be p(-6). Determine i(c).
-6
Let k be (4/(-6))/((-1)/3). Suppose -3*l - 4 = -k*l. Let q(o) be the third derivative of o**5/60 + o**4/12 - 5*o**3/6 - o**2. What is q(l)?
3
Let d(n) = -2*n + 4. Suppose 3*g + 8 = 2*t + 5*g, t + 2 = g. Suppose -v + 20 = 3*v. Suppose -2*f + 27 = -5*x + t, -5*x - 5 = v*f. Give d(f).
-2
Let j(z) = 3*z + 0*z + 3*z - z**2 - 2. Determine j(6).
-2
Let v(c) = -c**2 + 5*c - 6. Let f = -15 + 35. Suppose 2*m + 3*m + 5*g = 45, 0 = 5*g - f. Calculate v(m).
-6
Let p be (-3)/((-9)/(-6)) - 3. Let b(a) be the second derivative of -7/2*a**2 - 1/3*a**3 - a + 0. Calculate b(p).
3
Suppose 5*t = 2*d - 39, 57 = 5*d - t + 2*t. Let x be (-3)/d - 25/(-4). Let m(g) = -g**2 + 4*g + 8. Give m(x).
-4
Let m(l) = -l**2 + 4*l + 2. Let p(r) = r**2. Let j be p(2). What is m(j)?
2
Let r(y) = 5 - y**2 - 4 - 5*y + 1. Determine r(-5).
2
Let s(y) be the first derivative of -y**3/3 + y**2/2 - y + 3. Let h(r) = -r**3 + 2*r**2 - r + 1. Let j(t) = h(t) + s(t). Suppose 4*u + 1 = -3. Calculate j(u).
2
Let c(u) = u - 4*u**3 - 2*u - u**2 + 3*u**3 - 7. Let h be -1 - (0 - 1)/1. What is c(h)?
-7
Let m(a) = -2*a + 7. Let l = -11 - -15. Let r be 2 - -3*l/(-6). Suppose 0*x - x = -5*g + 28, r = 5*g - 2*x - 31. What is m(g)?
-3
Let z be -1*(3 + -3 - -1). Let w(g) = 5*g - 1. Determine w(z).
-6
Suppose 5*k = y + 7, 5*y - 6 - 5 = 2*k. Let q be 6 + 3/((-6)/4). Let o(c) = 2*c + c - q*c. Determine o(k).
-2
Suppose -2 - 13 = 5*q. Let i(l) = l**3 + 2*l**2 - l + 1. Give i(q).
-5
Suppose 4*g - 11 - 5 = -5*p, 0 = -4*p. Let t(h) = -h**2 + 8*h - 4. Let v be t(4). Suppose u = g*u - v. Let i(m) = m**3 - 4*m**2 - 2*m - 2. Calculate i(u).
-10
Let p be (36/(-20))/((-3)/10). Let k(h) = -h**3 - 6*h**2 + 8*h + 10. Let w be k(-7). Let b be w/21 + p/7. Let d(s) = 10*s**2 - s + 1. What is d(b)?
10
Let z be (-1 - -3) + 0/1. Let f(h) = -3 + h - 5 + z - 1. Calculate f(0).
-7
Let z be (-3 + 5 + -2)/(1/1). Let f(n) = -n**3 + n**2 - 10. Calculate f(z).
-10
Let n = -13 - -10. Let m(b) = -b**3 - 3*b**2 - 3*b - 4. Determine m(n).
5
Let g(p) = 13*p**2 - 7*p - 1. Let w = -11 + 18. Let j(b) = 12*b**2 - 6*b - 1. Let c(n) = w*j(n) - 6*g(n). Suppose 2*h - 1 = 1. What is c(h)?
5
Let s be 24/(-14) - 6/21. Let f(m) = 2*m. Calculate f(s).
-4
Let r be 4/(-14) - 19/7. Let p = 19 - 15. Let x(j) = 1 - j + 0 + 2*j - p. Give x(r).
-6
Let d be (-48)/(-10) - 1/(-5). Suppose -z - d*u + 17 = 0, -z - 1 = -0*z - u. Let m(h) = 2*h - 2. Determine m(z).
2
Let s be 14*(-3 - 14/(-4)). Suppose 23 - s = -4*a. Let h(t) = -t**2 - 4*t + 3. Give h(a).
3
Let d(j) be the third derivative of j**6/120 - j**4/12 - j**3/3 - 5*j**2. Let m = -1 - -1. Suppose 4*b - 3*h + 2 + 6 = m, 0 = -5*b - h - 10. Calculate d(b).
-6
Let r(t) be the second derivative of 3*t + 1/3*t**3 + 1/2*t**2 + 1/12*t**4 + 0. Suppose k = o + 2*o + 10, -o = 4*k - 1. Give r(o).
4
Let g(b) = -20*b - 1. Suppose -2*z = -z + 4. Let u(p) = -7*p. Let n(q) = z*g(q) + 11*u(q). Let f be 1*(-4 + (-2)/(-2)). What is n(f)?
-5
Suppose 20 + 0 = 5*u. Let r(j) = -j**2 + 3*j + 2. What is r(u)?
-2
Let n(y) be the third derivative of y**4/8 + 2*y**3/3 + 5*y**2. Let r be 4/(-2)*(-3)/(-2). Determine n(r).
-5
Let u(t) = t**3 - 9*t**2 - 9*t - 13. Let g(a) = 2*a + 32. Let j be g(-11). What is u(j)?
-3
Let f(v) = -3*v - 4. Let t(u) = -5*u - 8. Let r(a) = 7*f(a) - 4*t(a). Give r(2).
2
Let f(h) be the third derivative of -1/30*h**5 + 0 + 0*h - 5/24*h**4 - 1/3*h**3 + 2*h**2. What is f(-3)?
-5
Let f(v) = -v**3 + 9*v**2 - 8*v. Let w be f(8). Let s(g) = -g**2 + g - 1. Let b(n) = -n**3 - 2*n**2 + 2*n - 1. Let d(h) = -b(h) + 3*s(h). Calculate d(w).
-2
Let d(a) = 3*a - 3. Suppose 3*k = 2*k + 3. Suppose 4 + 17 = 2*o + 5*q, 2*q = o + k. Give d(o).
6
Let h = -10 + 12. Let p(f) be the third derivative of -f**4/6 - f**3/6 - 8*f**2. Give p(h).
-9
Let k(n) = -15*n**3 - 2*n**2 - n. Let a be k(-1). Suppose a = 4*y - 2. Let j(h) = 2*h + y*h - 5*h - 6. What is j(4)?
-2
Suppose -1 - 4 = -5*d. Let i = 4 - d. Suppose 2 = z - u, -i*z - u = 2*z - 22. Let v(s) = -s**3 + 5*s**2 - 2*s - 5. What is v(z)?
3
Let j(i) = -2*i**2 + 0*i + 6*i**2 - 1 + 3*i - 5*i**2. What is j(7)?
-29
Suppose -7*b + 3*b - 28 = 0. Let m(w) be the third derivative of w**5/60 + 3*w**4/8 + 3*w**3/2 + w**2. Calculate m(b).
-5
Let y(l) = -l**2. Let r be 2/5 + (-6)/(-10). Let p(n) = 4*n**2 - 6*n + 2. Let u(q) = r*p(q) + 3*y(q). Give u(3).
-7
Let d(x) = x**3 + 4*x**2 - 6*x - 1. Let t(a) = 2*a. Let j be t(3). Suppose 31 = -5*b + j. What is d(b)?
4
Let g(a) = a - a - a - 2 + 3*a**2 - a**3. Suppose -4*f = -3*k - 14, 2*k + 9 + 3 = 4*f. Let t = 0 - k. Give g(t).
0
Suppose -3*m + 12 = 3. Suppose -k = -m*k. Let q(d) = d**2 - d - 4. Calculate q(k).
-4
Let s(w) = -4*w - 11. Let m(p) be the second derivative of 5*p**3/6 + 6*p**2 + p. Let b(r) = -5*m(r) - 6*s(r). Calculate b(0).
6
Let n(a) = -2*a + 7. Let c be n(5). Let y(h) = -h**3 - 